{"id":20,"date":"2015-10-28T14:31:17","date_gmt":"2015-10-28T13:31:17","guid":{"rendered":"http:\/\/sachsen-natur.de\/FbNL\/?page_id=20"},"modified":"2017-11-26T18:05:29","modified_gmt":"2017-11-26T17:05:29","slug":"kontakt","status":"publish","type":"page","link":"https:\/\/fbnl-eco.de\/?page_id=20","title":{"rendered":"Kontakt"},"content":{"rendered":"<p>Fachb\u00fcro f\u00fcr Naturschutz und Landschafts\u00f6kologie<br \/>\nDipl.-Agraring. Ulrich Klausnitzer<br \/>\nOT Ha\u00dflau Nr. 29a<br \/>\nD-04741 Ro\u00dfwein<\/p>\n<p>Telefonnummer: [+49] 0151 5055 <span style=\"color: #008000;\"><em><strong>123NICHT<\/strong><\/em><\/span> 1465<br \/>\nE-Mail-Adresse: Ulrich<span style=\"color: #008000;\"><em><strong>ENTFERNE<\/strong><strong>N<\/strong><\/em><\/span><span style=\"color: #000000;\">@<\/span>Klausnitzer<span style=\"color: #008000;\"><em><strong>E<\/strong><strong>NTFERNEN<\/strong><\/em><\/span>.org<\/p>\n<h1>Der zum Schutz vor SPAM-Bots oben eingef\u00fcgte <span style=\"color: #008000;\"><em>gr\u00fcne\u00a0<\/em><\/span>Text muss bei der Verwendung von Telefonnummer oder E-Mail ignoriert bzw. gel\u00f6scht werden!<\/h1>\n<p><img loading=\"lazy\" decoding=\"async\" class=\"alignleft size-full wp-image-490\" src=\"https:\/\/fbnl-eco.de\/wp-content\/uploads\/2015\/10\/all-inkl_banner_190x65_oekostromv1.png\" alt=\"\" width=\"195\" height=\"74\" \/><\/p>\n","protected":false},"excerpt":{"rendered":"<p>Fachb\u00fcro f\u00fcr Naturschutz und Landschafts\u00f6kologie Dipl.-Agraring. Ulrich Klausnitzer OT Ha\u00dflau Nr. 29a D-04741 Ro\u00dfwein Telefonnummer: [+49] 0151 5055 123NICHT 1465 E-Mail-Adresse: UlrichENTFERNEN@KlausnitzerENTFERNEN.org Der zum Schutz vor SPAM-Bots oben eingef\u00fcgte gr\u00fcne\u00a0Text muss bei der Verwendung von Telefonnummer oder E-Mail ignoriert bzw. gel\u00f6scht werden!<\/p>\n","protected":false},"author":1,"featured_media":0,"parent":0,"menu_order":0,"comment_status":"closed","ping_status":"closed","template":"","meta":{"footnotes":""},"class_list":["post-20","page","type-page","status-publish","hentry"],"_links":{"self":[{"href":"https:\/\/fbnl-eco.de\/index.php?rest_route=\/wp\/v2\/pages\/20","targetHints":{"allow":["GET"]}}],"collection":[{"href":"https:\/\/fbnl-eco.de\/index.php?rest_route=\/wp\/v2\/pages"}],"about":[{"href":"https:\/\/fbnl-eco.de\/index.php?rest_route=\/wp\/v2\/types\/page"}],"author":[{"embeddable":true,"href":"https:\/\/fbnl-eco.de\/index.php?rest_route=\/wp\/v2\/users\/1"}],"replies":[{"embeddable":true,"href":"https:\/\/fbnl-eco.de\/index.php?rest_route=%2Fwp%2Fv2%2Fcomments&post=20"}],"version-history":[{"count":12,"href":"https:\/\/fbnl-eco.de\/index.php?rest_route=\/wp\/v2\/pages\/20\/revisions"}],"predecessor-version":[{"id":492,"href":"https:\/\/fbnl-eco.de\/index.php?rest_route=\/wp\/v2\/pages\/20\/revisions\/492"}],"wp:attachment":[{"href":"https:\/\/fbnl-eco.de\/index.php?rest_route=%2Fwp%2Fv2%2Fmedia&parent=20"}],"curies":[{"name":"wp","href":"https:\/\/api.w.org\/{rel}","templated":true}]}}