{"id":12,"date":"2015-10-28T14:14:13","date_gmt":"2015-10-28T13:14:13","guid":{"rendered":"http:\/\/sachsen-natur.de\/FbNL\/?page_id=12"},"modified":"2021-01-10T09:10:26","modified_gmt":"2021-01-10T08:10:26","slug":"home","status":"publish","type":"page","link":"https:\/\/fbnl-eco.de\/","title":{"rendered":"Startseite"},"content":{"rendered":"<h3 style=\"text-align: center;\">Herzlich willkommen auf der Internetpr\u00e4sentation des<\/h3>\n<p style=\"text-align: center;\"><img loading=\"lazy\" decoding=\"async\" class=\"aligncenter wp-image-399 \" src=\"https:\/\/fbnl-eco.de\/wp-content\/uploads\/2016\/05\/wisent_web-300x191.jpg\" width=\"419\" height=\"267\" srcset=\"https:\/\/fbnl-eco.de\/wp-content\/uploads\/2016\/05\/wisent_web-300x191.jpg 300w, https:\/\/fbnl-eco.de\/wp-content\/uploads\/2016\/05\/wisent_web-768x488.jpg 768w, https:\/\/fbnl-eco.de\/wp-content\/uploads\/2016\/05\/wisent_web-624x397.jpg 624w, https:\/\/fbnl-eco.de\/wp-content\/uploads\/2016\/05\/wisent_web.jpg 900w\" sizes=\"auto, (max-width: 419px) 100vw, 419px\" \/><br \/>\nFachb\u00fcros f\u00fcr Naturschutz und Landschafts\u00f6kologie<\/p>\n","protected":false},"excerpt":{"rendered":"<p>Herzlich willkommen auf der Internetpr\u00e4sentation des Fachb\u00fcros f\u00fcr Naturschutz und Landschafts\u00f6kologie<\/p>\n","protected":false},"author":1,"featured_media":0,"parent":0,"menu_order":0,"comment_status":"closed","ping_status":"closed","template":"","meta":{"footnotes":""},"class_list":["post-12","page","type-page","status-publish","hentry"],"_links":{"self":[{"href":"https:\/\/fbnl-eco.de\/index.php?rest_route=\/wp\/v2\/pages\/12","targetHints":{"allow":["GET"]}}],"collection":[{"href":"https:\/\/fbnl-eco.de\/index.php?rest_route=\/wp\/v2\/pages"}],"about":[{"href":"https:\/\/fbnl-eco.de\/index.php?rest_route=\/wp\/v2\/types\/page"}],"author":[{"embeddable":true,"href":"https:\/\/fbnl-eco.de\/index.php?rest_route=\/wp\/v2\/users\/1"}],"replies":[{"embeddable":true,"href":"https:\/\/fbnl-eco.de\/index.php?rest_route=%2Fwp%2Fv2%2Fcomments&post=12"}],"version-history":[{"count":24,"href":"https:\/\/fbnl-eco.de\/index.php?rest_route=\/wp\/v2\/pages\/12\/revisions"}],"predecessor-version":[{"id":589,"href":"https:\/\/fbnl-eco.de\/index.php?rest_route=\/wp\/v2\/pages\/12\/revisions\/589"}],"wp:attachment":[{"href":"https:\/\/fbnl-eco.de\/index.php?rest_route=%2Fwp%2Fv2%2Fmedia&parent=12"}],"curies":[{"name":"wp","href":"https:\/\/api.w.org\/{rel}","templated":true}]}}